 of 222 and s?
74
Let c be (-31)/((-2)/2) - 3. Suppose 420 = -0*b + 15*b. Calculate the highest common divisor of c and b.
28
Let q(g) = g + 40. Let h be q(-21). Suppose -h = -3*i - 1. Suppose 3*n = -5*s + 187, -3*s - i*n + 4*n = -113. Calculate the highest common divisor of 14 and s.
7
Let m(x) = 144*x - 9. Let i be m(-1). Let s = -149 - i. What is the greatest common factor of s and 164?
4
Suppose -55*t = m - 59*t - 32, -4*t = -4*m + 152. What is the highest common factor of 2540 and m?
20
Suppose 4*y + 5*a + 2 = 0, 2*y - 3*y - 2 = 2*a. Suppose -y = -2*o + 14. Let n be 6/((-684)/19) - 49/(-6). Calculate the highest common factor of n and o.
8
Let t(q) = 31*q - 1496. Let j be t(49). Let m be ((-2)/1 - 1) + 440. Calculate the greatest common factor of j and m.
23
Suppose 0 = -g + 3*h, 2*g - 9*g - 5*h + 104 = 0. What is the greatest common divisor of g and 10056?
12
Let a(b) = 2*b**3 - 135*b**2 + 70*b + 55. Let p be a(67). What is the highest common factor of 32 and p?
32
Let k(c) = -10*c**3 + 3*c**2 + 8*c + 12. Let i be k(-2). Suppose 0 = -16*m + 14*m + 22. Calculate the highest common divisor of m and i.
11
Let k be (-20*(5 - 2))/(-1). Let s(f) = 0 + 3 + 141*f + 8 - 142*f. Let i be s(-4). What is the highest common divisor of k and i?
15
Suppose 1744 = o - 2*h, -o - h + 570 + 1183 = 0. Calculate the highest common divisor of o and 105.
35
Let c(q) = 92*q - 1072. Let v be c(12). What is the highest common divisor of v and 20?
4
Suppose 3*g - 104 = 499. Suppose -3*w + 3*j = 7*j - g, -j + 66 = w. Calculate the highest common factor of w and 18.
9
Let r be (-12)/10 - (-216)/5. Suppose 0 = 23*a - 20*a - r. Calculate the highest common divisor of a and 49.
7
Let v be ((-10)/(-4))/((-91750)/(-8340) + -11). Calculate the highest common factor of 45 and v.
15
Let x = -314 - -324. Let o be 9*38*x*(-9)/(-180). Calculate the greatest common divisor of o and 19.
19
Let q(c) be the third derivative of 0 + 10*c**2 - 1/8*c**4 + 0*c - 1/6*c**3 + 1/60*c**5. Let w be q(4). What is the greatest common divisor of w and 24?
3
Let m(l) = 2*l**2 + 12*l - 756. Let i be m(22). What is the highest common factor of 833 and i?
119
Suppose -39*v = -190*v + 4530. Suppose 0 = 4*w + 5 - 1. Let y = 13 + w. What is the greatest common divisor of v and y?
6
Let f = 6 + 0. Let m be (1 - 2)*-3*f. Let x = -27177 - -27339. Calculate the greatest common divisor of x and m.
18
Let l(n) = -n**3 + 12*n**2 - 101*n + 678. Let u be l(7). What is the highest common divisor of u and 351?
27
Let n be (610/30 - -33)/(((-2)/3)/(-1)). Calculate the greatest common divisor of n and 1110.
10
Suppose s - 232 = -4*n, -5*n + 0*s = s - 289. Let a = 38 - 32. Suppose 0 = a*f - 14*f + 152. What is the highest common factor of n and f?
19
Let q(l) = -78*l**2 - 8*l + 2. Let g be q(1). Let y be (g/12 - -8)/(1/25). Calculate the greatest common factor of 850 and y.
25
Let b(a) = a**3 - 7*a**2 + 4*a + 14. Let d be b(7). Let g be ((-8)/5)/(32/(-3360)). Suppose 45*o = 41*o + g. Calculate the greatest common factor of o and d.
42
Suppose -7*w - 50 = -1443. Let h(a) = a**2 + 36. Let c be h(0). Let m = c + w. Calculate the highest common factor of 47 and m.
47
Let j(m) = m + 30. Let y be j(-25). Suppose l = -y*s + 42, 9*s - 134 = -4*l + 6*s. Calculate the greatest common factor of l and 80.
16
Let f(p) = p**2 + 32*p + 291. Let w be 656/(-820)*((-46)/(-4) + 1). Let x be f(w). Calculate the highest common factor of x and 1.
1
Suppose -15*k + 87 - 160 = -868. Calculate the greatest common factor of k and 7579.
53
Suppose 54*r - 56*r + 2584 = z, 5*z - 5*r = 12800. Calculate the highest common factor of z and 48.
24
Suppose -23*g + 20*g - 5*r = -2046, -2*g = -2*r - 1332. What is the greatest common factor of g and 21?
21
Let d be 12201/4 - 34/136. What is the highest common factor of d and 300?
50
Suppose 4*k + 291 = a - 357, -4*a = -2*k - 2634. Calculate the greatest common factor of a and 560.
20
Let c(w) = 7*w - 7. Let t be c(3). Suppose 8 = -0*i - 4*i. Let y be i/(-1*(-1)/(-7)). Calculate the highest common divisor of t and y.
14
Suppose 0 = 2*t - 9*t + 3913. Let h = -397 + t. What is the highest common divisor of 18 and h?
18
Let k(f) = -f**3 - 10*f**2 + 78*f + 977. Let h be k(-11). Calculate the highest common divisor of 11460 and h.
60
Let h(f) = f**2 + 17*f + 76. Let i be h(-9). Suppose -24 = 3*v - i*v + 3*a, -4*v = -a - 74. What is the greatest common factor of 48 and v?
6
Let o be 162/12 - (-1 - (-2)/(-4)). Suppose 11*k - o + 4 = 0. Let a be (20/8)/((-1)/(-2)). What is the greatest common divisor of k and a?
1
Suppose 4*j - 29 - 1 = -5*y, -30 = -5*y + 5*j. Suppose 0 = -5*p + 56 - y. Let f be (90/(-25))/((-1)/(p/3)). Calculate the highest common divisor of 96 and f.
12
Suppose 16 = -4*s, 4*c - 41*s - 92 = -38*s. What is the highest common divisor of 9960 and c?
20
Suppose -103596 + 2019078 = 72*y - 255750. Calculate the highest common divisor of y and 12.
12
Suppose 40*o + 40 = 44*o. Suppose 11*v + 4 = o*v. Let s be (-4)/(-16) + (-307)/v. Calculate the highest common divisor of s and 11.
11
Suppose 6319 = 4*x - 1105. Calculate the greatest common factor of 29 and x.
29
Suppose 120*o = 19*o - 110*o + 638275. What is the highest common divisor of 242 and o?
121
Let c(n) = 17*n**2 - 2 + 3*n + 2 - 1. Let o(i) = -i**3 + 19*i**2 - 39*i + 379. Let p be o(18). Let k be c(p). Calculate the highest common divisor of k and 190.
19
Let t = 12868 - 12796. What is the greatest common factor of t and 9192?
24
Suppose -4*z + 64 = -0*z. Suppose 0 = -2*y - 3*n + 311, 2*y + 5*n + 149 = 3*y. Let a = 282 - y. Calculate the greatest common divisor of a and z.
16
Let h = -171 + 191. Let j(l) = -l**2 + 11*l - 12. Let t be j(10). Let d(s) = -5*s. Let m be d(t). Calculate the highest common divisor of h and m.
10
Suppose 0 = 21*g + 47*g - 14280. Calculate the greatest common divisor of 126 and g.
42
Let w = 4130 + -4121. What is the highest common divisor of 657 and w?
9
Let c(g) = -g**2 - 3*g + 5. Let r be c(-3). Let d be (0 + -14)*(0 + 140/(-49)). What is the greatest common factor of r and d?
5
Let u(q) be the second derivative of q**4/2 + 57*q**2/2 + 7*q - 3. Let g be u(-10). What is the highest common divisor of g and 73?
73
Let n = 21 + -8. Let x(j) = -10*j**3 - 6*j**2 + 47*j + 103. Let a be x(-2). Calculate the greatest common factor of a and n.
13
Let i be -4*(-1025)/(-615)*3*-6. What is the greatest common divisor of 915 and i?
15
Let k = 4947 - 4820. Calculate the highest common divisor of k and 21209.
127
Let p(l) = -13*l - 45. Let z be p(7). Let q = z - -168. Suppose -3*d + 70 = o, -3*d + 4*o + 78 = o. Calculate the greatest common divisor of d and q.
8
Suppose 183 = -8*l + 1015. Let b be (15/(-10))/((-1)/42). Suppose 6*v - i - b = v, -5*i + 36 = 2*v. Calculate the greatest common factor of v and l.
13
Let q(t) = 5*t - 10. Let u be q(1). Let f(k) = -2*k**3 + k**2 + k - 10. Let w be f(u). What is the greatest common divisor of w and 40?
20
Suppose -5*x = -11*x - 2436. Let c = x + 414. Suppose 142 = o + 54. Calculate the highest common divisor of o and c.
8
Let z(o) be the first derivative of -5/2*o**2 + 2/3*o**3 - 18*o - 2. Let b be z(-8). Calculate the greatest common factor of 60 and b.
30
Suppose 4*x - 2*l - 16 = -0*x, x = -2*l - 1. Suppose -g - 26 = -x*g. Suppose -g*m + 135 = -4*m. What is the highest common factor of m and 45?
15
Let a = 17163 - 17136. Calculate the highest common factor of a and 30186.
27
Let f(l) = -l**2 + 9*l + 2. Let h be f(11). Let q = 444 - 478. Let p = h - q. Calculate the highest common factor of p and 154.
14
Let p be (5 - 88/16)/(5 + 221/(-44)). Suppose 4*h - 770 = -h. Calculate the greatest common divisor of h and p.
22
Let d = -12489 - -12504. Let l = -23 - -58. What is the highest common factor of d and l?
5
Suppose z - 22 = -5*w, -z + 31 = 5*w - 3*z. Suppose 17*n - 5*c - 490 = 12*n, -504 = -w*n - 2*c. Let r = -40 + 60. What is the greatest common factor of n and r?
20
Let k = -904 - -2307. What is the greatest common divisor of k and 61?
61
Let m(x) = 25*x**2 - 8*x + 203. Let f be m(8). Calculate the highest common divisor of 235 and f.
47
Let w be -6 + 1 + 4 - (3 - -211). Let x = 227 + w. Calculate the greatest common factor of x and 30.
6
Suppose -21088 = 61*a + 6606. Let k = 916 +